 hundreds digit of 25852311?
3
What is the millions digit of 11870033?
1
What is the thousands digit of 239647?
9
What is the hundreds digit of 11958984?
9
What is the tens digit of 483972?
7
What is the hundreds digit of 2838845?
8
What is the tens digit of 2150181?
8
What is the ten thousands digit of 96396?
9
What is the thousands digit of 3463105?
3
What is the hundreds digit of 3769490?
4
What is the millions digit of 5003492?
5
What is the millions digit of 2915398?
2
What is the hundreds digit of 878449?
4
What is the hundreds digit of 256379?
3
What is the tens digit of 515412?
1
What is the thousands digit of 5549436?
9
What is the thousands digit of 24400?
4
What is the ten millions digit of 14549318?
1
What is the hundreds digit of 781051?
0
What is the hundred thousands digit of 7314259?
3
What is the tens digit of 84082?
8
What is the hundred thousands digit of 1739902?
7
What is the tens digit of 1436348?
4
What is the tens digit of 10358?
5
What is the tens digit of 213588?
8
What is the thousands digit of 241202?
1
What is the hundred thousands digit of 270675?
2
What is the millions digit of 4899882?
4
What is the ten thousands digit of 919233?
1
What is the ten thousands digit of 2799747?
9
What is the ten thousands digit of 10171824?
7
What is the ten thousands digit of 3031026?
3
What is the thousands digit of 23613618?
3
What is the millions digit of 2224718?
2
What is the ten thousands digit of 9564306?
6
What is the thousands digit of 172011?
2
What is the ten thousands digit of 342494?
4
What is the ten thousands digit of 129263?
2
What is the hundreds digit of 993863?
8
What is the hundreds digit of 10824643?
6
What is the tens digit of 141463?
6
What is the ten thousands digit of 22706755?
0
What is the millions digit of 1868412?
1
What is the ten thousands digit of 63092?
6
What is the tens digit of 186001?
0
What is the hundreds digit of 9544390?
3
What is the tens digit of 117211?
1
What is the units digit of 1845658?
8
What is the tens digit of 405989?
8
What is the hundreds digit of 643333?
3
What is the millions digit of 1131387?
1
What is the tens digit of 338158?
5
What is the units digit of 2522460?
0
What is the tens digit of 4397561?
6
What is the tens digit of 83?
8
What is the thousands digit of 4400906?
0
What is the hundred thousands digit of 876976?
8
What is the units digit of 2388146?
6
What is the hundreds digit of 4851820?
8
What is the ten millions digit of 16269360?
1
What is the millions digit of 24435520?
4
What is the thousands digit of 7744047?
4
What is the hundred thousands digit of 3239398?
2
What is the millions digit of 8169814?
8
What is the units digit of 628275?
5
What is the thousands digit of 235110?
5
What is the millions digit of 1245671?
1
What is the hundred thousands digit of 4641559?
6
What is the ten thousands digit of 5597962?
9
What is the thousands digit of 5653317?
3
What is the thousands digit of 774133?
4
What is the ten thousands digit of 5862833?
6
What is the hundreds digit of 1942344?
3
What is the units digit of 3358108?
8
What is the thousands digit of 70335?
0
What is the units digit of 17086509?
9
What is the ten thousands digit of 759199?
5
What is the ten thousands digit of 15783555?
8
What is the thousands digit of 3898635?
8
What is the thousands digit of 526904?
6
What is the thousands digit of 44441?
4
What is the tens digit of 38208?
0
What is the hundred thousands digit of 465864?
4
What is the tens digit of 212983?
8
What is the thousands digit of 45240?
5
What is the units digit of 6934579?
9
What is the units digit of 4093153?
3
What is the ten millions digit of 10226179?
1
What is the hundreds digit of 306343?
3
What is the hundreds digit of 5573786?
7
What is the units digit of 2678647?
7
What is the units digit of 510197?
7
What is the hundred thousands digit of 2187612?
1
What is the units digit of 16132?
2
What is the ten thousands digit of 3433754?
3
What is the ten thousands digit of 1299726?
9
What is the hundreds digit of 2924577?
5
What is the ten thousands digit of 10818046?
1
What is the tens digit of 3366369?
6
What is the tens digit of 1976513?
1
What is the ten thousands digit of 16378003?
7
What is the thousands digit of 23799358?
9
What is the ten thousands digit of 26480734?
8
What is the tens digit of 11575?
7
What is the ten thousands digit of 198313?
9
What is the ten thousands digit of 5568712?
6
What is the millions digit of 2141002?
2
What is the thousands digit of 93463?
3
What is the hundreds digit of 595483?
4
What is the hundred thousands digit of 2799329?
7
What is the hundred thousands digit of 19753947?
7
What is the hundreds digit of 17263495?
4
What is the millions digit of 1011196?
1
What is the ten thousands digit of 1080728?
8
What is the millions digit of 12144274?
2
What is the ten thousands digit of 134439?
3
What is the thousands digit of 2193454?
3
What is the units digit of 5747554?
4
What is the hundred thousands digit of 197913?
1
What is the units digit of 233379?
9
What is the ten thousands digit of 5314929?
1
What is the hundreds digit of 1234888?
8
What is the units digit of 141746?
6
What is the millions digit of 6162286?
6
What is the ten thousands digit of 162385?
6
What is the hundred thousands digit of 216776?
2
What is the units digit of 295411?
1
What is the millions digit of 17613387?
7
What is the tens digit of 474095?
9
What is the units digit of 96856?
6
What is the units digit of 116567?
7
What is the thousands digit of 275242?
5
What is the tens digit of 771808?
0
What is the hundreds digit of 683645?
6
What is the tens digit of 180538?
3
What is the hundred thousands digit of 443757?
4
What is the tens digit of 3653901?
0
What is the ten thousands digit of 3208354?
0
What is the units digit of 487604?
4
What is the tens digit of 1928954?
5
What is the hundreds digit of 1195690?
6
What is the hundreds digit of 2798067?
0
What is the tens digit of 25777101?
0
What is the hundreds digit of 2929967?
9
What is the hundred thousands digit of 1128495?
1
What is the thousands digit of 22596775?
6
What is the units digit of 873580?
0
What is the units digit of 203077?
7
What is the tens digit of 660101?
0
What is the hundred thousands digit of 373517?
3
What is the hundreds digit of 4628584?
5
What is the thousands digit of 387291?
7
What is the hundred thousands digit of 1282894?
2
What is the tens digit of 16652664?
6
What is the tens digit of 215169?
6
What is the ten thousands digit of 19238163?
3
What is the units digit of 45812?
2
What is the ten thousands digit of 639097?
3
What is the hundreds digit of 6587217?
2
What is the units digit of 801405?
5
What is the hundreds digit of 2793585?
5
What is the units digit of 198324?
4
What is the thousands digit of 1888899?
8
What is the units digit of 2886268?
8
What is the ten thousands digit of 6007505?
0
What is the ten thousands digit of 2287940?
8
What is the ten millions digit of 35574466?
3
What is the tens digit of 2449131?
3
What is the millions digit of 1058795?
1
What is the units digit of 218235?
5
What is the ten thousands digit of 3116963?
1
What is the units digit of 57616?
6
What is the thousands digit of 7778110?
8
What is the tens digit of 34161162?
6
What is the thousands digit of 460979?
0
What is the tens digit of 3465954?
5
What is the hundreds digit of 333765?
7
What is the hundreds digit of 569001?
0
What is the ten thousands digit of 684314?
8
What is the ten thousands digit of 4418391?
1
What is the thousands digit of 196373?
6
What is the ten thousands digit of 1522410?
2
What is the tens digit of 158706?
0
What is the tens digit of 3153817?
1
What is the ten thousands digit of 1831712?
3
What is the hundreds digit of 664982?
9
What is the ten thousands digit of 55531?
5
What is the tens digit of 2072509?
0
What is the millions digit of 4884730?
4
What is the tens digit of 844001?
0
What is the thousands digit of 1331010?
1
What is the millions digit of 1572305?
1
What is the hundreds digit of 544502?
5
What is the units digit of 3824889?
9
What is the hundreds digit of 2279137?
1
What is the ten thousands digit of 40902?
4
What is the units digit of 177997?
7
What is the ten thousands digit of 842863?
4
What is the t